53. What is m(-3)?
-67
Let n(r) = r + 7. Suppose -2*y = -0*y - 2*g + 4, -4*y - g = -2. Let c be y/((-1)/2 + (-11)/22). What is n(c)?
7
Let a(f) = 64*f + 376. Let o be a(-6). Let l(g) = -g**3 - 8*g**2 - 18. What is l(o)?
-18
Let v(w) = 4*w**2 + 8*w - 8. Let t(g) = 3*g**2 + 8*g - 7. Let a(p) = 5*t(p) - 4*v(p). Suppose -256 = -7*o + 3*o. Suppose 0 = -0*z - 8*z + o. Calculate a(z).
-3
Let d(z) = z**2 - 9*z - 8. Let p be d(-1). Let y(x) = -2*x**2 + 11*x - 8. What is y(p)?
6
Let x(g) = -g + 3 + 6*g - 10. Let p be x(2). Let s(f) = -8*f**2 - 18*f**3 - 12 + 13*f**3 + 3*f + 6*f**p - f. Calculate s(8).
4
Let o(m) = -17*m + 0 + 1 - 2 - 8*m + 28*m. Let j(b) = -4*b + 3. Let n(a) = 4*j(a) + 5*o(a). Calculate n(3).
4
Let n(k) = 3*k**3 + 1. Let l(s) = -s**3 - s + 3. Suppose 0 = -3*i + 2*j + 11, 0 = -5*i + 5*j + 7 + 18. Let y be l(i). Calculate n(y).
4
Let u(g) = 9*g**3 + 24*g**2 - g - 28. Let q(r) = -67*r**3 - 169*r**2 + 7*r + 192. Let v(t) = 2*q(t) + 15*u(t). Give v(-22).
-14
Let f be (-3 - 84/(-30))*6400/(-128). Let c(m) = -10*m + 4*m**2 + 2*m**2 - 12 - 5*m**2. Give c(f).
-12
Let u(f) = f**3 - 7*f**2 - 7*f + 4. Suppose -19*z + 120 = -4*z. What is u(z)?
12
Suppose -4*d - 31 + 111 = s, 5*s = 2*d - 40. Let c(o) = -o**2 + 0 - 5 - 45*o + d*o + 15*o. What is c(-9)?
4
Let f(y) = 595*y**2 + 97*y**2 - 693*y**2 + 55. Give f(0).
55
Let z(u) = 4*u + u**3 + 68*u**2 + 4*u + 10 - 63*u**2. Let w be z(-3). Let m(h) = h**3 - 4*h**2 + 5*h - 6. What is m(w)?
14
Let n(l) = 7*l**2 - 8*l - 23. Let f(p) = -8*p**3 - 6*p - 6. Let t be f(-1). Let m(c) = -11*c**2 + 14*c + 35. Let k(a) = t*n(a) + 5*m(a). Determine k(-8).
7
Let a = -811 - -814. Let k be 1 + (0 - 3/(-3)). Let z(i) = -9 - 4*i**2 + 4*i**k + i**3 - 5*i**2 - a*i**2. What is z(8)?
-9
Let n(w) = 725*w + 81. Let c(v) = 1323*v + 162. Let q(h) = 6*c(h) - 11*n(h). Calculate q(2).
7
Let m be -1 - -15 - 4 - -12. Let z(p) = -p**2 + 20*p + 42. Give z(m).
-2
Let j(d) = 41*d**3 + 59*d**2 + 13*d - 134. Let w(t) = -29*t**3 - 42*t**2 - 9*t + 96. Let n(l) = -12*j(l) - 17*w(l). Determine n(-4).
20
Suppose -1 = 5*g + 5*p + 34, -12 = g + 2*p. Let x = g + 1. Let v(w) be the first derivative of -5*w**4/4 - 2*w**3/3 + w + 54. Give v(x).
4
Let r(g) = -g**3 - 5*g**2 + 6*g. Let q = 165 - 143. Suppose 8*h = -q - 26. Determine r(h).
0
Suppose -63 = -4*s - 31*s - 28. Let j(b) = -65*b**3 - b**2 + 2*b. Give j(s).
-64
Suppose 3*r + 4*l - 127 + 107 = 0, -r - 3*l + 10 = 0. Let k(v) = -v**3 + 2*v**2 + 10*v - 6. Determine k(r).
2
Let s(p) be the third derivative of -p**5/60 - p**4/8 + p**3/2 + 9*p**2. Let f = 78 - 8. Let r = 72 - f. Determine s(r).
-7
Let p be -16*(91/104 + -1). Let n(u) = -2*u**2 + 8*u + 1. Determine n(p).
9
Let v(r) be the first derivative of r**3/3 - r**2/2 + 6*r - 10. Let w be (9 + -9)/(-2 - (-2)/(-2)). What is v(w)?
6
Let v(y) = y**2 + 54*y + 288. Let p(s) = 4*s**3 - 20*s**2 - 98*s + 10. Let f be p(8). What is v(f)?
0
Let s = 39934 + -39932. Let d(k) be the third derivative of 0 - 47*k**s - 1/60*k**5 + 7/24*k**4 - 1/6*k**3 + 0*k. Determine d(5).
9
Let m(x) be the first derivative of -5*x**2 - 268*x - 1379. What is m(-27)?
2
Let v(o) = -31160*o**2 + 15579*o**2 + 8 + 14 + 4*o + 15580*o**2. What is v(-5)?
-23
Let l(q) = -9*q**2 + 15 + 1738*q**3 - 5*q - 894*q**3 - 845*q**3. What is l(-9)?
60
Let c(q) = 17*q - 2. Suppose -2*n = 8, -33*l + 28*l + 32 = -3*n. Determine c(l).
66
Let i(p) = 2*p**3 + 39*p**2 - 20*p + 4. Let g be i(-20). Let r be (-4)/30 - (2688/90 + g). Let w = r - -34. Let d(f) = f**2 + 7. Calculate d(w).
7
Let g(w) = -36*w**3 - 2*w + 1. Let j = 2758 + -2757. What is g(j)?
-37
Let i = -38 + 73. Let n = -37 + i. Let v(c) = -2*c**3. Let o(f) = -7*f**3 + 3*f**2 + 3*f. Let l(g) = -o(g) + 4*v(g). Give l(n).
2
Let u(p) = -p**2 - p - 3. Suppose -256*v + 2 = -257*v. Let o(l) = -44*l - 90. Let q be o(v). Give u(q).
-5
Let y(d) be the second derivative of -d**4/12 + 5*d**3/3 - 13*d**2/2 - 295*d. Let r(n) = -n**2 + 9*n - 8. Let k be r(6). Calculate y(k).
-13
Let v(u) = -u**3 + 11*u**2 + 25*u - 5. Let h be v(13). Let q be (-1)/((-93)/h - 5). Let t(x) be the second derivative of -x**3/6 - 13*x**2/2 + 7*x. Give t(q).
-7
Let w(o) = 2*o**3 + 37*o**2 + 14*o + 14. Let l be w(-18). Let h(m) = -m**2 + 87 - 172 - 7*m + l. Let f be (-44)/7 + (-4)/(-14). Calculate h(f).
7
Let c(b) = -6*b**2 + 162*b**3 - 164*b**3 - 1 - 902*b + 906*b + 3. What is c(-4)?
18
Let y(q) = q**3 - 7*q**2 + 6*q - 4. Suppose -611 = -4*z - 3*b, 2*b - 762 = -5*z - 0*z. Let c be z/12 - 8/12. Let g be (c/5)/(4/10). Calculate y(g).
-4
Let q(k) = 943*k**3 + 46*k - 95*k + 43*k + 6 - 962*k**3. Determine q(1).
-19
Suppose 0 = -17*x + 47 + 21. Let z(s) = 92 - 46 - s**2 - 47 - s**3 + x*s. Calculate z(-3).
5
Let l(c) = -2*c**3 + 28*c**2 - c + 18. Let g be l(14). Suppose 0 = -p - g*q - 15, 3*q = -7 - 2. Let b(r) = 10*r + 1. What is b(p)?
-29
Let p(d) = -2*d. Suppose -2*z + 36 + 0 = 0. Let k = 13 - z. Let s(x) = -x - 7. Let f be s(k). What is p(f)?
4
Let v(i) = 2*i**3 + 5*i**2 - i - 5. Let o(u) be the first derivative of 3*u**4/4 + 4*u**3/3 - u**2 - 5*u + 48. Let d(s) = -3*o(s) + 4*v(s). Determine d(8).
11
Let v(h) = 8*h - 36. Let i be v(5). Let x(j) = 1 - 1 + 2 - 7*j + 2*j + 4. Determine x(i).
-14
Let t(y) = -4 + 8 + 1 - 2*y + 2. Suppose -2*f + 6*f + 4 = 0, -d + 3 = 4*f. Calculate t(d).
-7
Let a(u) = -4*u**2 - 3*u. Let c(t) = 52*t**2 + 18*t + 1. Let h(j) = -6*a(j) - c(j). Suppose -5*l + 3*l - 3*k - 5 = 0, -3 = l + 2*k. Determine h(l).
-29
Let y(z) = -6*z + 222. Let u(d) = -8*d + 268. Let o(j) = 2*u(j) - 3*y(j). Determine o(0).
-130
Let s be 34/(-10) + 6/15. Let c(i) be the first derivative of -i**2/2 + 2*i - 11252. Calculate c(s).
5
Let o(k) be the third derivative of k**4/2 + 127*k**3/6 + 502*k**2 + 1. What is o(-13)?
-29
Let a(v) = v - 8. Suppose 9*d - 567 = 2736. Let u = d + -356. Give a(u).
3
Suppose 70 = -11*d + 18*d. Let g(j) = -5*j + 10. Give g(d).
-40
Let w be ((-9)/(-54))/((-1)/9 - 121/(-198)). Let k(i) be the first derivative of -4 - w*i**3 + i - 1/4*i**4 - i**2. What is k(-2)?
9
Let d(k) = -59 + 16*k - 13 - 59 + k**2 + 151 - 2*k**2. Calculate d(17).
3
Let k(i) = 10*i - 22. Let a(d) = 3*d**3 - 22*d**2 + 12*d - 31. Let y be a(7). Calculate k(y).
18
Let l(t) = 5*t - 4. Let p(s) = s**3 - 2*s**2 - s - 4. Let f be p(4). Suppose -a - 3*a - f = 0. Let q(r) = -r + 1. Let n(m) = a*q(m) - l(m). Determine n(7).
5
Let g = -16873 - -16880. Let o(t) = 10*t + 11. Determine o(g).
81
Let u be 12/(-4 + 7/((-42)/(-33))). Let k(f) = -11*f + 96. Give k(u).
8
Suppose -18*g - 13*g + 42 = 11*g. Let b(a) = 35*a - 27. Determine b(g).
8
Let m = -61 - -61. Suppose -z + 128 = 5*l, 3*l - 4*z + 0*z - 63 = m. Suppose 2*k + 8 = -2, 0 = 2*b + 5*k + l. Let f(a) = a - 17. Determine f(b).
-17
Let t(h) = 5*h**3 + 2*h**2 + 2. Let k be t(0). Let p(n) = n**3 + n**2 + n**k - 5*n - 5*n**2 + 3 + 0*n**3 - 2*n**2. What is p(6)?
9
Let j(c) be the second derivative of 1/12*c**4 - 1/20*c**5 - 5*c**2 - 132*c + 0 + 0*c**3. Give j(0).
-10
Let v = -1675 + 1674. Let k(f) = 9*f**3 + f**2 - 3*f - 3. Calculate k(v).
-8
Let v(g) = g**3 + 5*g**2 - g + 1. Let m = 47 + -38. Let d be (-186)/m*6/(-4). Suppose 5*o + d - 5 = 3*c, 2*o - 5*c + 18 = 0. Calculate v(o).
21
Let b(z) = 9 + 0*z - 10*z + 25*z - 6*z + 6*z + z**2. Let j be (-171)/12 + (-4)/(-16). What is b(j)?
-5
Let b(g) = 4*g + 133. Suppose -4*u + 2*y + 605 - 735 = 0, 4*y + 80 = -2*u. Calculate b(u).
-3
Let p = -1959 - -1959. Let t(v) be the third derivative of 10*v**2 + 1/60*v**5 + 0*v + p + 1/8*v**4 - 1/6*v**3. Give t(-5).
9
Let r(q) be the first derivative of 3*q**4/2 + 2*q**3/3 + q**2 + q - 979. Let b be -1 - -1 - (-8)/4. Let w = b - 3. Give r(w).
-5
Let d(i) = -i**3 + 13*i**2 + 10*i - 21. Let p = 984 - 970. Give d(p).
-77
Suppose 2*w + 4 + 144 = 0. Let v be 960/14 - 567/(-1323). Let d = v + w. Let m(h) = -h**3 - 4*h**2 + 6*h + 2. Give m(d).
-3
Let j = -6113 - -6121. Let m(t) = t**3 - 7*t**2 - 11*t + 10. Calculate m(j).
-14
Let i(m) be the third derivative of m**5/60 + 3*m**4/4 - 5*m**3/6 + 5095*m**2. Calculate i(-18).
-5
Let j(k) = 5*k - 4. Suppose -1 + 11 = -5*u. Let o(r) = -5*r + 5. Let q(d) = u*o(d) - 3*j(d). Let f be ((-4)/10)/((4/(-10))/(-2)). Determine q(f).
12
Suppose -122 + 128 = -6*s. Let k(d) = -35*d**3 - 2*d**2 + d + 2. What is k(s)?
34
Let x(t) = -t**2 + 9*t + 2. Let w